nder when 15 is divided by b(-4).
0
Suppose -45 = 14*x - 9*x. Let u(v) = -v + 11. What is the remainder when u(x) is divided by 11?
9
Suppose 3*q - 1660 = -106. What is the remainder when q is divided by 87?
83
Suppose -15*x + 428 = -13*x. Suppose -4*o = -4*v - 168, 5*o - 24 = -2*v + x. What is the remainder when o is divided by 12?
10
Let w = 530 + -486. What is the remainder when 131 is divided by w?
43
Let i = -137 - -148. Calculate the remainder when 976 is divided by i.
8
Let j = 1 - 19. Let b be 112/42*j/(-4). Suppose -4*g + 4 = b, 4*k - 66 = -3*g. What is the remainder when k is divided by 5?
3
Let a(j) = 3*j**2 + 1 - 2 + 4*j + 4. Let r be a(-2). Suppose 3*x - r + 1 = 0. Calculate the remainder when 7 is divided by x.
1
Let r = 23 - 21. Let k(o) = 1 - 8*o - 7*o - 3*o + r*o. What is the remainder when k(-1) is divided by 6?
5
Suppose -13*n = 4*x - 9*n - 328, -5*x + 2*n = -424. What is the remainder when 669 is divided by x?
81
Let q(d) = d**3 + 5*d**2 - 16*d - 10. Let x be q(-7). Calculate the remainder when 57 is divided by x/(-8) + (-41)/(-2).
17
Let j = 23 + 1. Let k = j - 10. Calculate the remainder when 82 is divided by k.
12
Let d(x) = -x**2 + 10*x + 16. Let o be d(11). Let j = o + 10. What is the remainder when j is divided by 7?
1
Let q(i) = 61*i - 12. Calculate the remainder when q(4) is divided by 49.
36
Suppose 4*y - 5*g = 114, 4*y + 3*g - 22 = 76. Calculate the remainder when 75 is divided by y.
23
Let g(h) = 14*h**2 - 2*h + 8. Calculate the remainder when g(2) is divided by 8.
4
Suppose 0 = 3*q + 2*n - 103, n + n + 45 = q. Let k = 44 + -31. What is the remainder when q is divided by k?
11
Suppose 5*w = -2 + 12. Suppose -w*a = 3*a - 25. Suppose -3*m - 18 = -a*m. Calculate the remainder when 17 is divided by m.
8
Suppose 5*j + 4*t = 69, -20*j + t - 30 = -22*j. What is the remainder when 47 is divided by j?
13
Let s = 6 - 1. Suppose -16 = -s*a - 1. Calculate the remainder when 32 is divided by a + (-12)/((-6)/2).
4
Suppose -2*y - 2*u = -2 - 14, -u + 5 = 0. Suppose -2*o + 86 + 6 = 4*m, y*m = -4*o + 69. Calculate the remainder when 43 is divided by m.
20
Suppose -7*n + 5*n = -6. Let m(u) = u - 16. Let v be m(6). Let g = v - -13. Calculate the remainder when n is divided by g.
0
Let h(y) = y**3 - 2*y**2 - y + 13. Let r(x) = x + 7. What is the remainder when h(0) is divided by r(0)?
6
Let f = -18 + 38. Let n(c) = -10*c**3 - 2*c**2 - 9*c - 12. What is the remainder when n(-2) is divided by f?
18
Suppose -321*p = -319*p - 164. Calculate the remainder when p is divided by 52.
30
Suppose 0 = -2*c - c + 3*s + 15, 3*c = -3*s + 9. Calculate the remainder when 72 is divided by c.
0
What is the remainder when (201/(-2))/(2 + (-63)/18) is divided by 21?
4
Let a be 2/(-7) - 37/(-7). Let w be ((-280)/(-60))/((-4)/(-18)). Suppose w = a*x - 4*g, 5*x + 7 = -0*g - 3*g. What is the remainder when 2 is divided by x?
0
Let g = -10 + 24. Suppose 0 = -2*j - q + 77, -2*q - 25 = 3*q. Calculate the remainder when j is divided by g.
13
Suppose -2 = 4*d - 54. Suppose 2*l - d + 5 = 0. Suppose -19 = -l*w + 157. What is the remainder when w is divided by 15?
14
Suppose 0 = 5*m - 2*c + 3, -7*m + c - 4 = -2*m. Let v(j) = 12*j**2 + 9*j - 12*j + 4*j + 2. Calculate the remainder when 50 is divided by v(m).
11
Let c(a) = 6*a + 22. Let l be c(10). Suppose 2*t + 12 - l = 0. Calculate the remainder when t is divided by 12.
11
Let o(s) = 2*s**2 + 5*s + 4. What is the remainder when o(-5) is divided by 301/(-129) + (-75)/(-9)?
5
Let y(r) = 2*r**2 - 10*r + 15. Calculate the remainder when 5 is divided by y(2).
2
Suppose 4*n - 417 - 839 = 0. What is the remainder when n is divided by 64?
58
Let p = 1041 + -841. Calculate the remainder when p is divided by 80.
40
Suppose 212 = 10*r - 138. What is the remainder when 174 is divided by r?
34
Suppose 0 = -2*u + 45 - 49. Let k(h) = 49*h - 3. Let y(p) = 146*p - 8. Let b(r) = 17*k(r) - 6*y(r). What is the remainder when b(u) is divided by 17?
15
Let y = -23 + 57. What is the remainder when y is divided by 12?
10
Suppose 66*n - s - 639 = 61*n, -3*n + 5*s + 379 = 0. Calculate the remainder when 233 is divided by n.
105
Let b be (1 + 39/(-21))*7. Calculate the remainder when 66 is divided by (-53)/(-3) - (-4)/b.
15
Calculate the remainder when 720/135*3/2 + 418 is divided by 27.
21
Let n = -29 + 31. Suppose 3*s + 15 = 0, -2*i - n*s - 3 = 3*s. What is the remainder when i is divided by 4?
3
Suppose 35*g + 26 = 37*g. Let f = -2 - -2. Suppose 5*i + f*i - 115 = 0. What is the remainder when i is divided by g?
10
Let o = -566 - -582. Calculate the remainder when 26 is divided by o.
10
Let l = 572 + -411. Calculate the remainder when l is divided by 24.
17
Suppose 2*m + 3*l = -23, -5*m + 3*m - 25 = 5*l. What is the remainder when 113 is divided by -29*2/3*15/m?
26
Let n be (-184)/(-40) - (-2)/5. Suppose -4*z = n*x - 3*x - 148, -3*z - 5*x = -97. What is the remainder when 76 is divided by z?
37
Suppose q - 16 = 12. What is the remainder when q is divided by 4?
0
Let y be ((-38)/(-4) + -2)*(8 - 2). Suppose -z = -5*j + 58, -2*j = j - 4*z - y. Suppose 3*f - 59 - 4 = 0. Calculate the remainder when f is divided by j.
10
Suppose -4*q = -q - 156. Calculate the remainder when 137 is divided by q.
33
Let n(l) = l**3 + 4*l**2 - 12*l + 2. Let f be n(-6). Suppose -f*w = -0*w - 16. Calculate the remainder when w is divided by 2.
0
Suppose -5*c + 8*c = 12. Let b be (-3)/7 - (-3)/7. Suppose -c*z + 40 = -b*z. Calculate the remainder when z is divided by 4.
2
What is the remainder when (-4 - 33)/(-2 - 84/(-44)) is divided by 68?
67
Let o = 84 - 47. Let z = 2 - -2. Suppose -3*r - 157 = -u, 2*r - r = -z*u + 576. What is the remainder when u is divided by o?
34
Suppose -10*r + 472 + 1018 = 0. What is the remainder when r is divided by 25?
24
Let t be 6/(-9)*9 + 0. Let i be (12/(-6))/(4/t). Suppose i*p + 26 = 5*p. Calculate the remainder when 38 is divided by p.
12
Let s be (-2 - 13/(-4))*4. Let c be (-1 + s/3)*33. What is the remainder when (-140)/(-3) + c/(-33) is divided by 12?
10
Calculate the remainder when 718 is divided by (685/(-9))/(-5) + (-10)/45.
13
Let r = 2054 + -2022. What is the remainder when 1918 is divided by r?
30
Suppose -3*h - 498 + 561 = 0. Calculate the remainder when h is divided by 20.
1
Let y(a) = 7*a - 14. Suppose -2*h + 11 + 7 = 0. Suppose 2*m + 4*t - 22 = 0, m - 5*m = -5*t - 83. What is the remainder when y(h) is divided by m?
15
Let v(c) = -36*c - 4. Calculate the remainder when 189 is divided by v(-2).
53
Let o(n) = n**2 - 7*n - 37. Calculate the remainder when 22 is divided by o(11).
1
Suppose -13*l + 14*l - 18 = 0. Calculate the remainder when l is divided by 1.
0
Let v = -399 + 412. Calculate the remainder when 129 is divided by v.
12
Suppose 2*g = 2*m, 3*g - g - m = 0. Suppose 5*o - 5*k - 12 = 68, 2*o + 2*k - 28 = g. Calculate the remainder when o is divided by 10.
5
What is the remainder when 23296/130 - ((-3)/(-15) - 0) is divided by 13?
10
Let z = -8 + 14. Let n = 16 + z. Suppose -3*r + 3*g + 111 = 0, 6 + 14 = 4*g. What is the remainder when r is divided by n?
20
Suppose 63 = 3*z - 24. Let o(i) = -i + 23. Let k be 4 + 3/(-3) + -1 + 5. What is the remainder when z is divided by o(k)?
13
Let m = 34 + -2. Let i(q) = q**2 - 7*q + 15. Let n be i(7). Suppose -2*t - t = -5*c + 26, -5*t = -n. Calculate the remainder when m is divided by c.
4
Suppose 396 = -8*y + 4*y. Let r = 113 + y. Calculate the remainder when 24 is divided by r.
10
Let y(o) = 2*o**2 - 9*o + 6. Let x be y(4). Suppose -x*s + 7*s - 160 = 0. What is the remainder when (4 - (0 - -99))/(-1) is divided by s?
31
Suppose 5*c - 76 - 94 = 0. Suppose 0*j + 3*j = 4*v + 22, 0 = -j + 5*v. Calculate the remainder when c is divided by j.
4
Let i = -121 + 121. Suppose -x = h - 90, -h - 5*x - 22 + 120 = i. What is the remainder when h is divided by 45?
43
Let t(h) = h**2 - 39*h + 368. What is the remainder when 65 is divided by t(27)?
21
Let p(h) = -h**3 + 3*h**2 + 2*h - 1. Let z be p(3). Suppose 0 = 3*g - 6*g + 246. What is the remainder when g is divided by (19 - z)*(-3)/(-2)?
19
Calculate the remainder when 1734/10 - (-10)/(-25) is divided by 35.
33
Let l = 13 + 22. Suppose 2*a = 3*a - 18. What is the remainder when l is divided by a?
17
Let u(o) = -o**3 + 42*o**2 - 77*o 